
What are the prime factors of 2733985?
5, 353, 1549
List the prime factors of 257372.
2, 37, 47
List the prime factors of 19460422.
2, 263, 36997
List the prime factors of 201594.
2, 3, 33599
List the prime factors of 610474.
2, 305237
List the prime factors of 8755746.
2, 3, 43, 33937
List the prime factors of 22112258.
2, 7, 79, 19993
List the prime factors of 9796.
2, 31, 79
What are the prime factors of 969603?
3, 323201
List the prime factors of 3969276.
2, 3, 53, 79
List the prime factors of 287580.
2, 3, 5, 4793
What are the prime factors of 905395?
5, 23, 7873
What are the prime factors of 322269?
3, 17, 71, 89
List the prime factors of 242577.
3, 26953
What are the prime factors of 41612?
2, 101, 103
List the prime factors of 104192.
2, 11, 37
List the prime factors of 36990.
2, 3, 5, 137
What are the prime factors of 117321?
3, 39107
What are the prime factors of 14965140?
2, 3, 5, 249419
What are the prime factors of 248567?
11, 59, 383
What are the prime factors of 748051?
17, 79, 557
List the prime factors of 20108830.
2, 5, 7, 287269
List the prime factors of 119257.
31, 3847
List the prime factors of 95717.
95717
What are the prime factors of 17387?
17387
What are the prime factors of 1588646?
2, 293, 2711
List the prime factors of 22070329.
809, 27281
What are the prime factors of 1572332?
2, 393083
List the prime factors of 222865.
5, 29, 53
What are the prime factors of 2017215?
3, 5, 23, 1949
What are the prime factors of 751412?
2, 19, 9887
What are the prime factors of 1678048?
2, 41, 1279
What are the prime factors of 9245828?
2, 41, 56377
What are the prime factors of 351770?
2, 5, 29, 1213
List the prime factors of 18263537.
1019, 17923
What are the prime factors of 120919?
120919
List the prime factors of 6436580.
2, 5, 321829
What are the prime factors of 342328?
2, 7, 6113
What are the prime factors of 1104950?
2, 5, 7, 11, 41
List the prime factors of 4652688.
2, 3, 96931
List the prime factors of 672448.
2, 7, 19, 79
What are the prime factors of 440577?
3, 48953
List the prime factors of 152272.
2, 31, 307
What are the prime factors of 22434326?
2, 19, 590377
List the prime factors of 89166.
2, 3, 7, 11, 193
List the prime factors of 4377156.
2, 3, 7, 107, 487
List the prime factors of 4027640.
2, 5, 17, 5923
What are the prime factors of 82158?
2, 3, 13693
What are the prime factors of 3368343?
3, 11, 102071
What are the prime factors of 545752?
2, 68219
List the prime factors of 72194.
2, 36097
What are the prime factors of 2994772?
2, 11, 29, 2347
What are the prime factors of 19653311?
67, 197, 1489
What are the prime factors of 222607?
7, 11, 59
What are the prime factors of 275401?
7, 39343
What are the prime factors of 10499088?
2, 3, 53, 4127
What are the prime factors of 17307079?
2311, 7489
List the prime factors of 20754784.
2, 59, 10993
What are the prime factors of 7993251?
3, 7, 71, 1787
What are the prime factors of 2220422?
2, 313, 3547
What are the prime factors of 5136384?
2, 3, 11, 19
List the prime factors of 4271009.
4271009
What are the prime factors of 26948?
2, 6737
What are the prime factors of 1580139?
3, 11, 1451
List the prime factors of 1375562.
2, 19, 53, 683
What are the prime factors of 1439312?
2, 7, 71, 181
List the prime factors of 38240.
2, 5, 239
List the prime factors of 462661.
127, 3643
What are the prime factors of 370663?
370663
List the prime factors of 117415.
5, 23, 1021
List the prime factors of 1377220.
2, 5, 13, 5297
List the prime factors of 29921.
29921
List the prime factors of 6408726.
2, 3, 821, 1301
What are the prime factors of 501616?
2, 107, 293
What are the prime factors of 1974463?
461, 4283
List the prime factors of 3327696.
2, 3, 7703
List the prime factors of 944924.
2, 236231
What are the prime factors of 7894196?
2, 19, 241, 431
What are the prime factors of 1196285?
5, 67, 3571
List the prime factors of 2562686.
2, 7, 163, 1123
List the prime factors of 1463832.
2, 3, 251
List the prime factors of 55564.
2, 29, 479
What are the prime factors of 1215493?
521, 2333
What are the prime factors of 238518?
2, 3, 7, 631
List the prime factors of 1103266.
2, 17, 37, 877
List the prime factors of 1225797.
3, 89, 4591
What are the prime factors of 2681632?
2, 47, 1783
List the prime factors of 14848098.
2, 3, 2474683
What are the prime factors of 15935351?
53, 300667
List the prime factors of 457067.
13, 35159
List the prime factors of 779449.
11, 59, 1201
List the prime factors of 11123677.
349, 31873
List the prime factors of 3795456.
2, 3, 7, 353
What are the prime factors of 832926?
2, 3, 138821
List the prime factors of 6087179.
7, 869597
List the prime factors of 303727.
303727
List the prime factors of 1846164.
2, 3, 23, 6689
List the prime factors of 11040739.
73, 151243
What are the prime factors of 94970?
2, 5, 9497
What are the prime factors of 468349?
7, 23, 2909
List the prime factors of 317114.
2, 7, 22651
List the prime factors of 2931760.
2, 5, 13, 2819
What are the prime factors of 708026?
2, 11, 32183
List the prime factors of 1145099.
1145099
What are the prime factors of 3582767?
17, 73, 2887
List the prime factors of 2628203.
43, 61121
What are the prime factors of 467205?
3, 5, 31147
List the prime factors of 1639.
11, 149
What are the prime factors of 5249247?
3, 1749749
What are the prime factors of 1834852?
2, 97, 4729
What are the prime factors of 351487?
271, 1297
List the prime factors of 413720.
2, 5, 10343
List the prime factors of 313652.
2, 19, 4127
List the prime factors of 250710.
2, 3, 5, 61, 137
List the prime factors of 270211.
37, 67, 109
What are the prime factors of 604675?
5, 19, 67
List the prime factors of 10866309.
3, 19, 379, 503
What are the prime factors of 28544?
2, 223
What are the prime factors of 136083?
3, 45361
What are the prime factors of 2091984?
2, 3, 41, 1063
List the prime factors of 9065401.
9065401
What are the prime factors of 174303?
3, 107, 181
What are the prime factors of 9470012?
2, 199, 11897
List the prime factors of 9489390.
2, 3, 5, 37, 83, 103
What are the prime factors of 7369120?
2, 5, 11, 53, 79
What are the prime factors of 107332?
2, 26833
List the prime factors of 426924.
2, 3, 59, 67
What are the prime factors of 248023?
197, 1259
List the prime factors of 8834660.
2, 5, 59, 7487
What are the prime factors of 326214?
2, 3, 7, 863
What are the prime factors of 132959?
31, 4289
List the prime factors of 9949208.
2, 181, 6871
List the prime factors of 284625.
3, 5, 11, 23
What are the prime factors of 427294?
2, 7, 23, 1327
What are the prime factors of 61383?
3, 7, 37, 79
What are the prime factors of 25440144?
2, 3, 617, 859
List the prime factors of 383335.
5, 76667
What are the prime factors of 8566318?
2, 373, 11483
What are the prime factors of 306540?
2, 3, 5, 13, 131
What are the prime factors of 130867?
11, 11897
List the prime factors of 890035.
5, 17, 37, 283
What are the prime factors of 810733?
7, 11, 10529
List the prime factors of 870990.
2, 3, 5, 29033
What are the prime factors of 115406?
2, 19, 3037
What are the prime factors of 20694102?
2, 3, 11, 13, 89, 271
What are the prime factors of 11672773?
7, 53, 73, 431
List the prime factors of 65081.
151, 431
List the prime factors of 343478.
2, 263, 653
List the prime factors of 139700.
2, 5, 11, 127
List the prime factors of 14104945.
5, 251, 11239
List the prime factors of 668104.
2, 23, 3631
What are the prime factors of 3328870?
2, 5, 332887
List the prime factors of 559906.
2, 71, 3943
List the prime factors of 386475.
3, 5, 5153
What are the prime factors of 1585531?
19, 83449
List the prime factors of 3256286.
2, 11, 148013
List the prime factors of 275298.
2, 3, 17, 2699
List the prime factors of 739503.
3, 61, 449
What are the prime factors of 1596797?
61, 26177
What are the prime factors of 128128?
2, 7, 11, 13
List the prime factors of 7258415.
5, 751, 1933
List the prime factors of 79434.
2, 3, 1471
What are the prime factors of 830413?
830413
List the prime factors of 14583153.
3, 13, 67, 5581
What are the prime factors of 7218763?
7218763
What are the prime factors of 4102327?
4102327
What are the prime factors of 411207?
3, 113, 1213
List the prime factors of 113601.
3, 19, 1993
What are the prime fa